{"id":2671,"date":"2022-10-17T16:24:12","date_gmt":"2022-10-17T14:24:12","guid":{"rendered":"https:\/\/www.ozbud.com.pl\/?page_id=2671"},"modified":"2023-03-08T20:38:48","modified_gmt":"2023-03-08T19:38:48","slug":"rental","status":"publish","type":"page","link":"https:\/\/www.ozbud.com.pl\/index.php\/rental\/","title":{"rendered":"RENTAL"},"content":{"rendered":"<\/div><\/div><\/div><!-- close content main div --><\/div><\/div><div id='av_section_1' class='avia-section main_color avia-section-large avia-no-border-styling avia-full-stretch av-section-color-overlay-active avia-bg-style-scroll   container_wrap fullsize' style = 'background-repeat: no-repeat; background-image: url(https:\/\/www.ozbud.com.pl\/wp-content\/uploads\/2018\/05\/hala-przemys\u0142owa-W7-IMG_2359-2.jpg); background-attachment: scroll; background-position: center center; ' data-section-bg-repeat='stretch' ><div class='av-section-color-overlay-wrap'><div class='av-section-color-overlay' style='opacity: 0.5; background-color: #00345b; '><\/div><div class='container' ><div class='template-page content  av-content-full alpha units'><div class='post-entry post-entry-type-page post-entry-2671'><div class='entry-content-wrapper clearfix'>\n<div style='padding-bottom:0px;color:#ffffff;font-size:30px;' class='av-special-heading av-special-heading-h3 custom-color-heading blockquote modern-quote modern-centered  av-thin-font av-inherit-size '><h3 class='av-special-heading-tag '  itemprop=\"headline\"  ><strong>RENTAL<\/strong><\/h3><div class='special-heading-border'><div class='special-heading-inner-border' style='border-color:#ffffff'><\/div><\/div><\/div>\n\n<\/div><\/div><\/div><!-- close content main div --><\/div><\/div><\/div><div id='av_section_2' class='avia-section main_color avia-section-large avia-no-border-styling avia-bg-style-scroll   container_wrap fullsize'   ><div class='container' ><div class='template-page content  av-content-full alpha units'><div class='post-entry post-entry-type-page post-entry-2671'><div class='entry-content-wrapper clearfix'>\n<div class=\"flex_column av_one_full  flex_column_div av-zero-column-padding first  \" style='border-radius:0px; '><section class=\"av_textblock_section \"  itemscope=\"itemscope\" itemtype=\"https:\/\/schema.org\/CreativeWork\" ><div class='avia_textblock  '   itemprop=\"text\" ><h2 style=\"text-align: center;\">RENTAL<\/h2>\n<h3 style=\"text-align: center;\">INFORMACJE O \u015aWIADCZONYCH US\u0141UGACH NAJMU<\/h3>\n<p style=\"font-weight: 400;\">Firma OZBUD na terenie swoich nieruchomo\u015bci po\u0142o\u017conych we Wroc\u0142awiu przy ul. Fabrycznej 18 , 18a , 20 posiada powierzchnie biurowe, przemys\u0142owe, oraz magazynowe, kt\u00f3re wynajmuje podmiotom zewn\u0119trznym .<\/p>\n<p style=\"font-weight: 400;\">\u0141\u0105czna ilo\u015b\u0107 powierzchni biurowych to 1370 metr\u00f3w kwadratowych a magazynowo\u2013produkcyjnych \u00a02740 metr\u00f3w kwadratowych.<\/p>\n<p style=\"font-weight: 400;\">Z naszych us\u0142ug korzystaj\u0105 takie podmioty jak:<\/p>\n<ul>\n<li style=\"font-weight: 400;\">Gigabayte<\/li>\n<li style=\"font-weight: 400;\">Wy\u017csza Szko\u0142a Bankow<\/li>\n<li style=\"font-weight: 400;\">Vita Motors<\/li>\n<li style=\"font-weight: 400;\">Auto Krzy\u017cak<\/li>\n<li style=\"font-weight: 400;\">Wroc\u0142awskie Eventy<\/li>\n<li style=\"font-weight: 400;\">IBS Design<\/li>\n<li style=\"font-weight: 400;\">Elterm<\/li>\n<li style=\"font-weight: 400;\">Doraco<\/li>\n<\/ul>\n<\/div><\/section><\/div><div class=\"flex_column av_one_full  flex_column_div av-zero-column-padding first  \" style='border-radius:0px; '><section class=\"av_textblock_section \"  itemscope=\"itemscope\" itemtype=\"https:\/\/schema.org\/CreativeWork\" ><div class='avia_textblock  '   itemprop=\"text\" ><h3 style=\"text-align: center;\">PODZIA\u0141 SP\u00d3\u0141KI PRZEZ WYDZIELENIE<\/h3>\n<p><a href=\"https:\/\/www.ozbud.com.pl\/wp-content\/uploads\/2023\/03\/Oswiadczenia-wspolnikow-spolki-dzielonej-1.pdf\">O\u015bwiadczenia wsp\u00f3lnik\u00f3w sp\u00f3\u0142ki dzielonej<\/a><\/p>\n<p><a href=\"https:\/\/www.ozbud.com.pl\/wp-content\/uploads\/2023\/03\/Zalacznik-numer-1-do-planu-podzialu..pdf\">Za\u0142\u0105cznik numer 1 do planu podzia\u0142u.<\/a><\/p>\n<p><a href=\"https:\/\/www.ozbud.com.pl\/wp-content\/uploads\/2023\/03\/Zalacznik-nr-2-do-planu-podzialu.pdf\">Za\u0142\u0105cznik nr 2 do planu podzia\u0142u<\/a><\/p>\n<p><a href=\"https:\/\/www.ozbud.com.pl\/wp-content\/uploads\/2023\/03\/umowa-spolki-nowozawiazanej.pdf\">umowa sp\u00f3\u0142ki nowozawi\u0105zanej<\/a><\/p>\n<p><a href=\"https:\/\/www.ozbud.com.pl\/wp-content\/uploads\/2023\/03\/Uchwala-zarzadu-w-sprawie-planu-podzialu.pdf\">Uchwa\u0142a zarz\u0105du w sprawie planu podzia\u0142u<\/a><\/p>\n<p><a href=\"https:\/\/www.ozbud.com.pl\/wp-content\/uploads\/2023\/03\/Projekt-uchwaly-spolki-nowozawiazanej-podzialu-przez-wydzielenie.pdf\">Projekt uchwa\u0142y sp\u00f3\u0142ki nowozawi\u0105zanej podzia\u0142u przez wydzielenie<\/a><\/p>\n<p><a href=\"https:\/\/www.ozbud.com.pl\/wp-content\/uploads\/2023\/03\/Projekt-uchwaly-spolki-dzielonej-podzialu-spolki-przez-wydzielenie.pdf\">Projekt uchwa\u0142y sp\u00f3\u0142ki dzielonej podzia\u0142u sp\u00f3\u0142ki przez wydzielenie<\/a><\/p>\n<p><a href=\"https:\/\/www.ozbud.com.pl\/wp-content\/uploads\/2023\/03\/Plan-podzialu.pdf\">Plan podzia\u0142u<\/a><\/p>\n<\/div><\/section><\/div><div class=\"flex_column av_one_full  flex_column_div av-zero-column-padding first  \" style='border-radius:0px; '><div class='av-horizontal-gallery av-horizontal-gallery-large-gap av-horizontal-gallery-enlarge-effect av-horizontal-gallery-1  av-control-default '  itemprop=\"ImageObject\" itemscope=\"itemscope\" itemtype=\"https:\/\/schema.org\/ImageObject\"  style='padding: 7.5% 0px;' data-av-enlarge='1.3'  ><div class='avia-slideshow-arrows avia-slideshow-controls'><a href='#prev' class='prev-slide av-horizontal-gallery-prev' aria-hidden='true' data-av_icon='\ue87c' data-av_iconfont='entypo-fontello'>Previous<\/a><a href='#next' class='next-slide av-horizontal-gallery-next' aria-hidden='true' data-av_icon='\ue87d' data-av_iconfont='entypo-fontello'>Next<\/a><\/div><div class='av-horizontal-gallery-inner' style='padding-bottom:50%' data-av-height='50'><div class='av-horizontal-gallery-slider'><div class='av-horizontal-gallery-wrap noHover'><img class='av-horizontal-gallery-img' width='1030' height='579' src='https:\/\/www.ozbud.com.pl\/wp-content\/uploads\/2022\/10\/C9691F6A-4189-484B-8C05-94D9AA210235-1030x579.jpeg' title='C9691F6A-4189-484B-8C05-94D9AA210235' alt='' \/><a href='https:\/\/www.ozbud.com.pl\/wp-content\/uploads\/2022\/10\/C9691F6A-4189-484B-8C05-94D9AA210235-1030x579.jpeg'  class='av-horizontal-gallery-link' aria-hidden='true' data-av_icon='\ue869' data-av_iconfont='entypo-fontello' title='C9691F6A-4189-484B-8C05-94D9AA210235'><\/a><\/div><div class='av-horizontal-gallery-wrap noHover'><img class='av-horizontal-gallery-img' width='1030' height='579' src='https:\/\/www.ozbud.com.pl\/wp-content\/uploads\/2022\/10\/981AE29D-84EE-47CA-981F-70176BF6A705-1030x579.jpeg' title='981AE29D-84EE-47CA-981F-70176BF6A705' alt='' \/><a href='https:\/\/www.ozbud.com.pl\/wp-content\/uploads\/2022\/10\/981AE29D-84EE-47CA-981F-70176BF6A705-1030x579.jpeg'  class='av-horizontal-gallery-link' aria-hidden='true' data-av_icon='\ue869' data-av_iconfont='entypo-fontello' title='981AE29D-84EE-47CA-981F-70176BF6A705'><\/a><\/div><\/div><\/div><\/div><\/div><\/div><\/div><\/div><!-- close content main div --><\/div><\/div><div id='av_section_3' class='avia-section main_color avia-section-default avia-no-border-styling avia-bg-style-scroll   av-minimum-height av-minimum-height-custom container_wrap fullsize'   ><div class='container' style='height:530px'><div class='template-page content  av-content-full alpha units'><div class='post-entry post-entry-type-page post-entry-2671'><div class='entry-content-wrapper clearfix'><\/p>\n","protected":false},"excerpt":{"rendered":"","protected":false},"author":2,"featured_media":0,"parent":0,"menu_order":0,"comment_status":"closed","ping_status":"closed","template":"","meta":{"footnotes":""},"yst_prominent_words":[544],"class_list":["post-2671","page","type-page","status-publish","hentry"],"_links":{"self":[{"href":"https:\/\/www.ozbud.com.pl\/index.php\/wp-json\/wp\/v2\/pages\/2671","targetHints":{"allow":["GET"]}}],"collection":[{"href":"https:\/\/www.ozbud.com.pl\/index.php\/wp-json\/wp\/v2\/pages"}],"about":[{"href":"https:\/\/www.ozbud.com.pl\/index.php\/wp-json\/wp\/v2\/types\/page"}],"author":[{"embeddable":true,"href":"https:\/\/www.ozbud.com.pl\/index.php\/wp-json\/wp\/v2\/users\/2"}],"replies":[{"embeddable":true,"href":"https:\/\/www.ozbud.com.pl\/index.php\/wp-json\/wp\/v2\/comments?post=2671"}],"version-history":[{"count":9,"href":"https:\/\/www.ozbud.com.pl\/index.php\/wp-json\/wp\/v2\/pages\/2671\/revisions"}],"predecessor-version":[{"id":2730,"href":"https:\/\/www.ozbud.com.pl\/index.php\/wp-json\/wp\/v2\/pages\/2671\/revisions\/2730"}],"wp:attachment":[{"href":"https:\/\/www.ozbud.com.pl\/index.php\/wp-json\/wp\/v2\/media?parent=2671"}],"wp:term":[{"taxonomy":"yst_prominent_words","embeddable":true,"href":"https:\/\/www.ozbud.com.pl\/index.php\/wp-json\/wp\/v2\/yst_prominent_words?post=2671"}],"curies":[{"name":"wp","href":"https:\/\/api.w.org\/{rel}","templated":true}]}}